{"id":253,"date":"2018-05-22T13:27:26","date_gmt":"2018-05-22T13:27:26","guid":{"rendered":"http:\/\/sonido13.com\/?page_id=253"},"modified":"2020-05-10T18:55:37","modified_gmt":"2020-05-10T18:55:37","slug":"la-sinfonica-nacional-en-1921","status":"publish","type":"page","link":"https:\/\/sonido13.com\/index.php\/la-sinfonica-nacional-en-1921\/","title":{"rendered":"LA SINF\u00d3NICA NACIONAL EN 1921"},"content":{"rendered":"<p class=\"Normal P-7\"><span class=\"C-5\">Causar\u00e1 extra\u00f1eza que despu\u00e9s de cuarenta y tres a\u00f1os me ocupe de las actividades de la Orquesta Sinf\u00f3nica Nacional, que estuvo a mis \u00f3rdenes en aquella \u00e9poca y que escribi\u00f3 p\u00e1ginas de honor en la historia de la m\u00fasica en M\u00e9xico; pero hace unos cuantos d\u00edas, hojeando una vieja revista llamada\u00a0<span class=\"C-8\">Nuestra m\u00fasica, \u00a0<\/span>editada en esta ciudad por los se\u00f1ores Jes\u00fas Bal y Gay, Carlos Ch\u00e1vez, Blas Galindo, Rodolfo Halffter, J. Pablo Moncayo, Adolfo Salazar y Luis Sandi, le\u00ed un art\u00edculo firmado por el se\u00f1or Carlos Ch\u00e1vez bajo el t\u00edtulo de \u201cLa Sinf\u00f3nica Nacional\u201d, en el cual hace historia desde la \u00e9poca en que la dirigi\u00f3 el maestro don Carlos J. Meneses, pasando por su inmediato sucesor don Jes\u00fas Acu\u00f1a y por la actuaci\u00f3n del maestro Manuel M. Ponce, para decir m\u00e1s tarde, textualmente, que \u201cLa tercera breve y desconectada etapa de la Sinf\u00f3nica Nacional, encargada entonces a Juli\u00e1n Carrillo, durante el ministerio emprendedor y pudiente del licenciado Jos\u00e9 Vasconcelos, estableci\u00f3 un nuevo r\u00e9gimen. La orquesta no trabaj\u00f3 en permanencia durante todo el a\u00f1o y celebr\u00f3 pocas y espor\u00e1dicas temporadas durante su breve existencia\u201d, y agrega p\u00e1rrafos adelante: \u201cLa Orquesta Sinf\u00f3nica de M\u00e9xico se fund\u00f3 tres o cuatro a\u00f1os despu\u00e9s del \u00faltimo fracaso de la Sinf\u00f3nica Nacional. . .\u201d<\/span><\/p>\n<p class=\"Normal P-7\"><span class=\"C-5\">Como evidentemente el se\u00f1or Ch\u00e1vez califica de fracaso a la Sinf\u00f3nica Nacional cuando estuvo a mi cargo, dar\u00e9 a conocer algunas de sus numerosas y brillantes actuaciones en el corto per\u00edodo en que la dirig\u00ed.<\/span><\/p>\n<p class=\"Normal P-7\"><span class=\"C-5\">Recib\u00ed la Sinf\u00f3nica en las postrimer\u00edas del gobierno del se\u00f1or presidente don Venustiano Carranza, en un estado de desprestigio absoluto, tanto que al primer concierto que dirig\u00ed asistieron \u00fanicamente cinco o seis, aunque distinguid\u00edsimas, personas; ellas fueron: el rector de la Universidad, don Natividad Mac\u00edas, los eminentes don Antonio Caso y su hermano Alfonso, el maestro Luis G. Saloma, don Vicente Lombardo Toledano y el culto escritor don Jos\u00e9 M. Gonz\u00e1lez de Mendoza, quien dec\u00eda hace unos cu\u00e1ntos d\u00edas que jam\u00e1s le ha causado mayor impresi\u00f3n la\u00a0<span class=\"C-8\">Quinta sinfon\u00eda \u00a0<\/span>de Beethoven que en aquella ocasi\u00f3n.<\/span><\/p>\n<p class=\"Normal P-7\"><span class=\"C-5\">Era penoso ver el desinter\u00e9s del p\u00fablico de M\u00e9xico por nuestra orquesta. De inmediato me dediqu\u00e9 a trabajar intensamente para reconquistarlo, formando programas con obras de un solo autor, con tan buena fortuna que a las pocas semanas ya asist\u00edan a los conciertos numerosas personas, aumentando el entusiasmo de tal modo que hasta se llegaron a vender, adem\u00e1s de todas las localidades del Anfiteatro Bol\u00edvar de la Escuela Nacional Preparatoria,\u00a0<span class=\"C-8\">cuatrocientos ochenta boletos sin asiento, \u00a0<\/span>de cuyos actos conservo fotograf\u00edas.<\/span><\/p>\n<p class=\"Normal P-7\"><span class=\"C-5\">En 1920 organic\u00e9 el primer Festival Beethoven que hubo en M\u00e9xico, con programas formados a base de sus nueve sinfon\u00edas y con un coro de trescientas voces para la\u00a0<span class=\"C-8\">Novena, \u00a0<\/span>lo cual requiri\u00f3 un trabajo intens\u00edsimo de seis meses de ensayo para garantizar el \u00e9xito, y el solo anuncio despert\u00f3 tal entusiasmo que antes de efectuarse el primer concierto de la serie ya se hab\u00edan agotado todas las localidades, no ya de la Preparatoria, sino del Teatro Principal de esta capital. En vista de ello anunci\u00e9 un segundo Festival, cuyo boletaje tambi\u00e9n se agot\u00f3 y en un concierto extraordinario, en el que se toc\u00f3 la\u00a0<span class=\"C-8\">Novena Sinfon\u00eda \u00a0<\/span>en el patio de la Secretar\u00eda de Educaci\u00f3n P\u00fablica (que no estaba dividido por la escalera como actualmente), asistieron\u00a0<span class=\"C-8\">catorce mil personas, \u00a0<\/span>caso ins\u00f3lito en la historia de los conciertos sinf\u00f3nicos en M\u00e9xico.<\/span><\/p>\n<p class=\"Normal P-7\"><span class=\"C-5\">A este respecto, la prensa europea coment\u00f3 el acontecimiento.<\/span><\/p>\n<p class=\"Normal P-7\"><span class=\"C-5\">En el\u00a0<span class=\"C-8\">Birmingham Post, \u00a0<\/span>de Inglaterra, de fecha 27 de diciembre de 1921, se lee lo siguiente en su secci\u00f3n de &lt;&lt;El Mundo Musical&gt;&gt;: \u201cNo asociamos el nombre de M\u00e9xico con cultura de alto grado. Tenemos generalmente la idea \u2013err\u00f3nea, desde luego-<wbr \/>\u00a0de que las luchas de partido de uno y otro bando ocupan la imaginaci\u00f3n de los mexicanos, con exclusi\u00f3n de cualquiera otra cosa.<\/span><\/p>\n<p class=\"Normal P-7\"><span class=\"C-5\">Agradezco de un modo especial la presente oportunidad al c\u00f3nsul de M\u00e9xico, se\u00f1or Gustavo Schurhoff, quien me ha enviado algunas fotograf\u00edas demostrando el aspecto del teatro de la \u00f3pera en la ciudad de M\u00e9xico durante la serie de conciertos Beethoven; el espect\u00e1culo es emocionante, yo no he visto nada semejante en Birmingham, Inglaterra.\u201d<\/span><\/p>\n<p class=\"Normal P-7\"><span class=\"C-5\">La\u00a0<span class=\"C-8\">Libre Belgique \u00a0<\/span>de Bruselas, dice, al referirse a la Orquesta Sinf\u00f3nica Nacional, \u201cEl p\u00fablico de M\u00e9xico ha llegado a un grado de cultura y comprensi\u00f3n ya elevada, gracias sobre todo al director de la Orquesta, Juli\u00e1n Carrillo, m\u00fasico y compositor de gran talento y lleno de celo por el desarrollo musical de M\u00e9xico y su Conservatorio.\u201d<\/span><\/p>\n<p class=\"Normal P-7\"><span class=\"C-5\">As\u00ed sigui\u00f3 ascendiendo siempre la calidad y el prestigio de nuestra orquesta, tanto que cuando vino a M\u00e9xico el eminent\u00edsimo pianista Leopoldo Godowsky considerado como el mejor del mundo en su \u00e9poca, toc\u00f3 un concierto con el acompa\u00f1amiento de la Orquesta Sinf\u00f3nica Nacional, quedando tan extraordinariamente complacido con el resultado art\u00edstico, que al salir del escenario expres\u00f3 su entusiasmo con las siguientes palabras: \u201c\u00a1Magn\u00edfico, la orquesta estuvo\u00a0<span class=\"C-8\">mil veces superior a la Filarm\u00f3nica de Nueva York;<\/span>\u00a0\u00a0y usted, mejor, mucho mejor, que el director de ella!\u201d<\/span><\/p>\n<p class=\"Normal P-7\"><span class=\"C-5\">De esas temporadas de conciertos la prensa escribi\u00f3 ampliamente. Tomamos el peri\u00f3dico\u00a0<span class=\"C-8\">L\u2019Echo Francais, \u00a0<\/span>en su n\u00famero correspondiente al 20 de noviembre, lo que sigue: \u201cEl se\u00f1or Juli\u00e1n Carrillo sigue ofreci\u00e9ndonos programas tan interesantes como nutridos. En el \u00faltimo concierto que dirigi\u00f3 en el Teatro Iris, el conjunto de la ejecuci\u00f3n de las obras fue\u00a0<span class=\"C-8\">absolutamente perfecto. \u00a0<\/span>Empez\u00f3 con la\u00a0<span class=\"C-8\">Primera Sinfon\u00eda \u00a0<\/span>de Beethoven, que la admirable orquesta sinf\u00f3nica supo matizar mejor que cualquiera otra orquesta. La interpretaci\u00f3n fue brillante, ning\u00fan detalle escap\u00f3 al auditorio y fue neta, precisa y de una presentaci\u00f3n que parece natural a esta falange de virtuosos.\u201d<\/span><\/p>\n<p class=\"Normal P-7\"><span class=\"C-5\">En otro de sus n\u00fameros dice el mismo peri\u00f3dico: \u201cEl concierto dado el domingo por la Orquesta Sinf\u00f3nica Nacional fue notable; la<span class=\"C-8\">Sinfon\u00eda en Do mayor \u00a0<\/span>de Mozart, conocida con el nombre de\u00a0<span class=\"C-8\">J\u00fapiter, \u00a0<\/span>fue ejecutada a la perfecci\u00f3n por la orquesta. Juli\u00e1n Carrillo tiene ahora dominio completo sobre sus ejecutantes y les ha hecho convertirse en un conjunto impecable, con un sentido de matizaci\u00f3n incomparable. La\u00a0<span class=\"C-8\">Scherezade \u00a0<\/span>de Rimsky-<wbr \/>Korsakof tuvo un \u00e9xito enorme. La orquesta de Carrillo y sus interpretaciones son dignas de ser o\u00eddas y aplaudidas en cualquier capital europea.\u201d<\/span><\/p>\n<p class=\"Normal P-7\"><span class=\"C-5\">Con ese motivo, un disc\u00edpulo de Nicol\u00e1s Rimsky-<wbr \/>Korsakof, que se encontraba en M\u00e9xico, despu\u00e9s de o\u00edr la\u00a0<span class=\"C-8\">Scherezade \u00a0<\/span>en uno de mis conciertos, me escribi\u00f3 una carta fechada el 28 de julio de 1921 y que dice lo siguiente: \u201cMaestro Juli\u00e1n Carrillo. Presente. Muy respetable maestro: Usted sabe perfectamente que fui disc\u00edpulo de Nicol\u00e1s Rimsky-<wbr \/>Korsakof y de Sergei Tanaiev, pues por varias circunstancias especiales viv\u00ed veinte a\u00f1os en Rusia donde termin\u00e9 mis estudios. No debo ocultar que estando yo en varios pa\u00edses de Europa continuamente o\u00eda noticias<\/span><\/p>\n<p class=\"Normal P-7\"><span class=\"C-5\">malas sobre el estado del desarrollo musical de M\u00e9xico (no hablo del g\u00e9nero ligero, que no considero por ser m\u00fasica, sino por una bofetada al arte) y llegu\u00e9 sin esperanzas de encontrar un centro musical cl\u00e1sico. . . En fin, enteramente desilusionado. De repente vi en la prensa que la Orquesta Sinf\u00f3nica de M\u00e9xico, bajo la direcci\u00f3n de usted, se propone tocar uno de los puntos culminantes de mi inolvidable maestro Rimsky, la\u00a0<span class=\"C-8\">Scherezade. \u00a0<\/span>Comprender\u00e1 usted cu\u00e1l fue mi sorpresa ley\u00e9ndolo y m\u00e1s cu\u00e1l fue mi asombro cuando lo vi empezar a dirigir esta obra dificil\u00edsima, toda de memoria, yo no sab\u00eda d\u00f3nde me hallaba, verdaderamente me parec\u00eda que resucit\u00f3 mi maestro y vino a ense\u00f1arle los secretos sublimes de la ejecuci\u00f3n de su obra. Inmediatamente me acord\u00e9 de todo lo que me dec\u00eda \u00e9l acerca de la\u00a0<span class=\"C-8\">Scherezade \u00a0<\/span>y cada nota nueva me asombraba m\u00e1s, pues exactamente lo que me dec\u00eda Rimsky sinti\u00f3 usted con su imaginaci\u00f3n musical. La obra dio un resultado magn\u00edfico las dos veces \u00a0y su inspirada interpretaci\u00f3n bajo su batuta. Como disc\u00edpulo de Rimsky-<wbr \/>Korsakof y como m\u00fasico mexicano, que sinti\u00f3 la verdadera gloria al ver que en M\u00e9xico existen hombres que pueden poner la m\u00fasica a tal altura como usted la pone. Con el mayor testimonio de mi admiraci\u00f3n y amistad, quedo siempre su afect\u00edsimo, atento servidor y amigo. Jorge Villordo.\u201d<\/span><\/p>\n<p class=\"Normal P-7\"><span class=\"C-5\">Despu\u00e9s cre\u00ed que la Sinf\u00f3nica, pagada con los fondos de la Federaci\u00f3n, deb\u00eda ir a los estados de la Rep\u00fablica y efectu\u00e9 la primera gira que hizo nuestra orquesta por el pa\u00eds\u00a0<span class=\"C-8\">sin ning\u00fan subsidio oficial extraordinario.<\/span><\/span><\/p>\n<p class=\"Normal P-7\"><span class=\"C-5\">He dejado, para terminar, el lugar de honor a las palabras del C. presidente de la Rep\u00fablica, general don \u00c1lvaro Obreg\u00f3n, quien tuvo la gentileza de elogiar, en su informe oficial ante el Congreso de la Uni\u00f3n el 1\u00ba de septiembre de 1921, las labores de la Orquesta Sinf\u00f3nica Nacional en los siguientes t\u00e9rminos: \u201cLa Orquesta Sinf\u00f3nica Nacional ha dejado o\u00edr una serie de brillantes conciertos cl\u00e1sicos en la ciudad de M\u00e9xico, y despu\u00e9s ha emprendido una gira por los Estados tocando doce conciertos con \u00e9xito extraordinario en las ciudades de San Luis Potos\u00ed, Tampico, Monterrey, Saltillo, Aguascalientes y Quer\u00e9taro.\u201d<\/span><\/p>\n<p class=\"Normal P-7\"><span class=\"C-5\">Ni una palabra m\u00e1s es necesaria para demostrar que la Orquesta Sinf\u00f3nica Nacional, bajo mi direcci\u00f3n, realiz\u00f3 una labor fecunda y que seguramente en esta ocasi\u00f3n el maestro Carlos Ch\u00e1vez estuvo mal informado y creo que las palabras de nuestro Presidente y las del eminente Godowsky, declarando que nuestra sinf\u00f3nica\u00a0<span class=\"C-8\">era superior a la Filarm\u00f3nica de Nueva York, \u00a0<\/span>le causar\u00e1n tanta satisfacci\u00f3n como a m\u00ed.<\/span><\/p>\n<p class=\"Normal P-7\"><span class=\"C-5\">Debo decir que todos los datos que transcribo constan en el informe oficial que rend\u00ed a la Secretar\u00eda de Educaci\u00f3n P\u00fablica acerca de mi labor y que all\u00ed deben existir seguramente.<\/span><\/p>\n<p class=\"Normal P-7\"><span class=\"C-5\">Juli\u00e1n Carrillo (Octubre 1964).<\/span><\/p>\n","protected":false},"excerpt":{"rendered":"<p>Causar\u00e1 extra\u00f1eza que despu\u00e9s de cuarenta y tres a\u00f1os me ocupe de las actividades de la Orquesta Sinf\u00f3nica Nacional, que estuvo a mis \u00f3rdenes en aquella \u00e9poca y que escribi\u00f3 p\u00e1ginas de honor en la historia de la m\u00fasica en M\u00e9xico; pero hace unos cuantos d\u00edas, hojeando una vieja revista llamada\u00a0Nuestra m\u00fasica, \u00a0editada en esta [&hellip;]<\/p>\n","protected":false},"author":1,"featured_media":0,"parent":0,"menu_order":65,"comment_status":"closed","ping_status":"closed","template":"","meta":{"ocean_post_layout":"","ocean_both_sidebars_style":"","ocean_both_sidebars_content_width":0,"ocean_both_sidebars_sidebars_width":0,"ocean_sidebar":"","ocean_second_sidebar":"","ocean_disable_margins":"enable","ocean_add_body_class":"","ocean_shortcode_before_top_bar":"","ocean_shortcode_after_top_bar":"","ocean_shortcode_before_header":"","ocean_shortcode_after_header":"","ocean_has_shortcode":"","ocean_shortcode_after_title":"","ocean_shortcode_before_footer_widgets":"","ocean_shortcode_after_footer_widgets":"","ocean_shortcode_before_footer_bottom":"","ocean_shortcode_after_footer_bottom":"","ocean_display_top_bar":"default","ocean_display_header":"default","ocean_header_style":"","ocean_center_header_left_menu":"","ocean_custom_header_template":"","ocean_custom_logo":0,"ocean_custom_retina_logo":0,"ocean_custom_logo_max_width":0,"ocean_custom_logo_tablet_max_width":0,"ocean_custom_logo_mobile_max_width":0,"ocean_custom_logo_max_height":0,"ocean_custom_logo_tablet_max_height":0,"ocean_custom_logo_mobile_max_height":0,"ocean_header_custom_menu":"","ocean_menu_typo_font_family":"","ocean_menu_typo_font_subset":"","ocean_menu_typo_font_size":0,"ocean_menu_typo_font_size_tablet":0,"ocean_menu_typo_font_size_mobile":0,"ocean_menu_typo_font_size_unit":"px","ocean_menu_typo_font_weight":"","ocean_menu_typo_font_weight_tablet":"","ocean_menu_typo_font_weight_mobile":"","ocean_menu_typo_transform":"","ocean_menu_typo_transform_tablet":"","ocean_menu_typo_transform_mobile":"","ocean_menu_typo_line_height":0,"ocean_menu_typo_line_height_tablet":0,"ocean_menu_typo_line_height_mobile":0,"ocean_menu_typo_line_height_unit":"","ocean_menu_typo_spacing":0,"ocean_menu_typo_spacing_tablet":0,"ocean_menu_typo_spacing_mobile":0,"ocean_menu_typo_spacing_unit":"","ocean_menu_link_color":"","ocean_menu_link_color_hover":"","ocean_menu_link_color_active":"","ocean_menu_link_background":"","ocean_menu_link_hover_background":"","ocean_menu_link_active_background":"","ocean_menu_social_links_bg":"","ocean_menu_social_hover_links_bg":"","ocean_menu_social_links_color":"","ocean_menu_social_hover_links_color":"","ocean_disable_title":"default","ocean_disable_heading":"default","ocean_post_title":"","ocean_post_subheading":"","ocean_post_title_style":"","ocean_post_title_background_color":"","ocean_post_title_background":0,"ocean_post_title_bg_image_position":"","ocean_post_title_bg_image_attachment":"","ocean_post_title_bg_image_repeat":"","ocean_post_title_bg_image_size":"","ocean_post_title_height":0,"ocean_post_title_bg_overlay":0.5,"ocean_post_title_bg_overlay_color":"","ocean_disable_breadcrumbs":"default","ocean_breadcrumbs_color":"","ocean_breadcrumbs_separator_color":"","ocean_breadcrumbs_links_color":"","ocean_breadcrumbs_links_hover_color":"","ocean_display_footer_widgets":"default","ocean_display_footer_bottom":"default","ocean_custom_footer_template":"","footnotes":""},"wf_page_folders":[8],"class_list":["post-253","page","type-page","status-publish","hentry","entry"],"_links":{"self":[{"href":"https:\/\/sonido13.com\/index.php\/wp-json\/wp\/v2\/pages\/253","targetHints":{"allow":["GET"]}}],"collection":[{"href":"https:\/\/sonido13.com\/index.php\/wp-json\/wp\/v2\/pages"}],"about":[{"href":"https:\/\/sonido13.com\/index.php\/wp-json\/wp\/v2\/types\/page"}],"author":[{"embeddable":true,"href":"https:\/\/sonido13.com\/index.php\/wp-json\/wp\/v2\/users\/1"}],"replies":[{"embeddable":true,"href":"https:\/\/sonido13.com\/index.php\/wp-json\/wp\/v2\/comments?post=253"}],"version-history":[{"count":1,"href":"https:\/\/sonido13.com\/index.php\/wp-json\/wp\/v2\/pages\/253\/revisions"}],"predecessor-version":[{"id":254,"href":"https:\/\/sonido13.com\/index.php\/wp-json\/wp\/v2\/pages\/253\/revisions\/254"}],"wp:attachment":[{"href":"https:\/\/sonido13.com\/index.php\/wp-json\/wp\/v2\/media?parent=253"}],"wp:term":[{"taxonomy":"wf_page_folders","embeddable":true,"href":"https:\/\/sonido13.com\/index.php\/wp-json\/wp\/v2\/wf_page_folders?post=253"}],"curies":[{"name":"wp","href":"https:\/\/api.w.org\/{rel}","templated":true}]}}