{"id":217,"date":"2018-05-22T11:31:22","date_gmt":"2018-05-22T11:31:22","guid":{"rendered":"http:\/\/sonido13.com\/?page_id=217"},"modified":"2020-05-10T18:51:06","modified_gmt":"2020-05-10T18:51:06","slug":"la-musica-moderna","status":"publish","type":"page","link":"https:\/\/sonido13.com\/index.php\/la-musica-moderna\/","title":{"rendered":"LA MUSICA MODERNA"},"content":{"rendered":"<p class=\"Normal P-9\"><span class=\"C-11\">Un distinguido amigo m\u00edo, M. Jean Sirol, consejero cultural de la Embajada de Francia en M\u00e9xico, tuvo la gentileza de obsequiarme un libro, perfectamente documentado, acerca de la m\u00fasica moderna, y cuyo autor, Paul Collaer, abarca en \u00e9l un per\u00edodo de medio siglo: 1905-<wbr \/>1955.<\/span><\/p>\n<p class=\"Normal P-9\"><span class=\"C-11\">En este gran volumen se hace un estudio minucioso de la m\u00fasica en Europa y en Am\u00e9rica. En la p\u00e1gina 115 trae una declaraci\u00f3n que me dej\u00f3 estupefacto: que los modernos m\u00fasicos franceses, para escapar de los modos mayor y menor, se han refugiado en los<span class=\"C-12\">modos<\/span>\u00a0\u00a0gregorianos.<\/span><\/p>\n<p class=\"Normal P-9\"><span class=\"C-11\">Los antiguos\u00a0<span class=\"C-12\">modos, \u00a0<\/span>conocidos con el nombre de gregorianos, se formaron con los siete sonidos que exist\u00edan en la m\u00fasica desde Terpandro, seis siglos antes de Cristo. Cuatro escalas las formul\u00f3 San Ambrosio en el siglo IV, tomando como t\u00f3nicas para cada una de ellas las notas Re, La, Mi y Si, y los tres modos verdaderamente gregorianos son del siglo VI en que San Gregorio imit\u00f3 a San Ambrosio y form\u00f3 tres modos m\u00e1s, tomando como base las notas Fa, Do y Sol.<\/span><\/p>\n<p class=\"Normal P-9\"><span class=\"C-11\">Es decir, que los m\u00fasicos franceses, seg\u00fan Collaer, han ido hasta diecis\u00e9is siglos atr\u00e1s, en busca de unas cuantas escalas que tienen como ra\u00edz las siete notas de la escala diat\u00f3nica, para basar en ellas su producci\u00f3n musical.<\/span><\/p>\n<p class=\"Normal P-9\"><span class=\"C-11\">Si \u00e9ste es el caso, como lo asegura Collaer, quienes tal hacen parecen haber seguido el consejo de Verdi, quien dijo a la juventud musical de su \u00e9poca \u201cque fuera a lo antiguo para encontrar algo nuevo\u201d; entretanto que \u00e9l, Verdi, en sus \u00faltimas obras \u201cno fue a lo antiguo en busca de algo nuevo\u201d, sino que procur\u00f3 avanzar su t\u00e9cnica.<\/span><\/p>\n<p class=\"Normal P-9\"><span class=\"C-11\">He aqu\u00ed la traducci\u00f3n de las palabras de Collaer, que est\u00e1n, como dije, en la p\u00e1gina 115 de su libro\u00a0<span class=\"C-12\">La Musique Moderne: \u00a0<\/span>\u201cEl uso de los modos gregorianos se ha hecho com\u00fan y corriente entre los modernos compositores franceses, pues han comprendido su especificaci\u00f3n expresiva, especificaci\u00f3n que se debe a la colocaci\u00f3n de los semitonos en la escala. La multiplicidad de los modos enriquece el dominio expresivo, permite librarse de la esclavitud de los modos mayor y menor, conservando, no obstante, una base tonal. La tonalidad se convierte as\u00ed en un caso particular dentro de un principio m\u00e1s amplio de la modalidad. Faur\u00e9, Ravel, Koechlin, Satie, Milhaud y Poulenc, hacen de esta modalidad el uso m\u00e1s amplio y natural.\u201d \u00a0<\/span><\/p>\n<p class=\"Normal P-9\"><span class=\"C-11\">Lamentable es que esos compositores tan eminentes retrocedan, seg\u00fan Collaer, hasta diecis\u00e9is siglos en la parte mel\u00f3dica, y otros, como Stravinsky, quieran ir al siglo XII para buscar riqueza arm\u00f3nica.<\/span><\/p>\n<p class=\"Normal P-9\"><span class=\"C-11\">Debo decir con inmensa satisfacci\u00f3n de mexicano, m\u00e1s que de m\u00fasico, que nuestro pa\u00eds, con su revoluci\u00f3n del Sonido 13, ha conquistado para todos los compositores, presentes y futuros, elementos t\u00e9cnicos musicales que evitar\u00e1n ese paso atr\u00e1s y el que quieran refugiarse, unos, en los procedimientos del siglo XII y, otros, en los siglos IV \u00a0y \u00a0VI.<\/span><\/p>\n<p class=\"Normal P-9\"><span class=\"C-11\">Desde el a\u00f1o de 1925, con motivo de una controversia habida con la Rector\u00eda de la Universidad Nacional Aut\u00f3noma de M\u00e9xico, que no obedeci\u00f3 un acuerdo del Secretario de Educaci\u00f3n (de quien entonces depend\u00eda), en relaci\u00f3n con un curso sobre el Sonido 13 en el Conservatorio Nacional de M\u00fasica, dije al entonces rector don Alfonso Pruneda lo que sigue:<\/span><\/p>\n<p class=\"Normal P-9\"><span class=\"C-11\">\u201cNo quiero aventurar ninguna hip\u00f3tesis acerca de las causas que hayan movido a usted para modificar la disposici\u00f3n de la Secretar\u00eda de Educaci\u00f3n P\u00fablica; y con el fin de orientar t\u00e9cnicamente el criterio de esa Rector\u00eda sobre el particular, me permito decirle que no se trata en el proyectado curso sobre el Sonido 13 de hacer investigaciones musicales, no; pues lo que se ha conocido hasta hoy con el modesto nombre de Teor\u00eda del Sonido 13, se ha convertido ya en un sistema que, con toda inmodestia, me permitir\u00e9 decir que es tan completo\u00a0<span class=\"C-12\">que ha ido mucho m\u00e1s lejos de lo que han logrado en la t\u00e9cnica de la m\u00fasica todos los conservatorios del mundo juntos; \u00a0<\/span>y me bastar\u00e1 citar a usted un dato: estoy en la posibilidad t\u00e9cnica de aumentar los recursos musicales hasta un grado m\u00e1ximo. Todos los compositores del mundo hasta esta fecha, 1925, se han visto reducidos a s\u00f3lo dos modos: el mayor y el menor, y de all\u00ed que con tanta frecuencia se encuentren semejanzas entre las composiciones de diversos autores. En consecuencia, puedo anunciar oficialmente\u00a0<span class=\"C-12\">que estoy dispuesto a dar a cada compositor sus propias escalas, logrando as\u00ed que cada quien tenga sus acordes propios, sus propios ritmos y dinamismo.<\/span><\/span><\/p>\n<p class=\"Normal P-9\"><span class=\"C-11\">\u201cEsta declaraci\u00f3n, cuya trascendencia no me escapa, la hago oficial y concientemente ante el rector de la Universidad Nacional Aut\u00f3noma de M\u00e9xico, como podr\u00eda hacerla, llegado el caso, ante un Congreso Internacional de M\u00fasica.\u201d<\/span><\/p>\n<p class=\"Normal P-9\"><span class=\"C-11\">Esto dije desde 1925 al propio rector de nuestra m\u00e1xima casa de estudios, pero el tremendo alcance de aquellas palabras pas\u00f3 en silencio, ya sea por incapacidad t\u00e9cnica para comprenderlas o por otras causas que no me aventuro a suponer.<\/span><\/p>\n<p class=\"Normal P-9\"><span class=\"C-11\">Hoy, despu\u00e9s de un tercio de siglo, con motivo de lo publicado en el libro de Collaer en relaci\u00f3n con los m\u00fasicos modernos y los modos gregorianos, repito ante el mundo lo que entonces dije, esto es,\u00a0<span class=\"C-12\">que estaba y estoy en la posibilidad de dar a cada compositor sus propias escalas y sus acordes propios.<\/span><\/span><\/p>\n<p class=\"Normal P-9\"><span class=\"C-11\">Qu\u00e9 gran fortuna ser\u00e1 para M\u00e9xico que en plena Francia, en el siglo XX, se conozca mi ofrecimiento del a\u00f1o de 1925, en mi libro titulado\u00a0<span class=\"C-12\">El infinito en las escalas y en los acordes,\u00a0<\/span>\u00a0en el cual est\u00e1 consignado cuanto he dicho al respecto, pues ya procedo a enviar mi citada obra, traducida al franc\u00e9s, a M. Collaer, a M. Bernard Gavoty, cr\u00edtico musical de el\u00a0<span class=\"C-12\">F\u00edgaro,\u00a0<\/span>\u00a0al director del Conservatorio de Par\u00eds, al de la Schola Cantorum y al de la Escuela Normal de M\u00fasica.<\/span><\/p>\n<p class=\"Normal P-9\"><span class=\"C-11\">Hay en mi libro dos mil cuarenta y seis escalas en estado fundamental, a base de tonos y semitonos y, al aplic\u00e1rseles el procedimiento del \u201ccontrapunto trocado\u201d, se logran miles y miles de nuevas escalas y sistemas arm\u00f3nicos.<\/span><\/p>\n<p class=\"Normal P-9\"><span class=\"C-11\">\u00a1Qu\u00e9 oportunidad tan brillante me ofreci\u00f3 el libro de Collaer para poner a disposici\u00f3n de los m\u00fasicos franceses, tan admirados por m\u00ed, el fruto de mis estudios, en correspondencia a las extraordinarias gentilezas que he recibido en Francia, tanto del gobierno franc\u00e9s, como del gran Conservatorio de Par\u00eds, que me dispens\u00f3 el honor de convocar a concurso a los violinistas europeos para tocar mis\u00a0<span class=\"C-12\">Sonatas \u00a0<\/span>para viol\u00edn solo y extrem\u00f3 su galanter\u00eda hasta de dar mi nombre al premio concedido, as\u00ed como a los grandes artistas que grabaron en discos mi m\u00fasica del Sonido 13, y a la celeb\u00e9rrima Universidad de la Sorbona, donde me honr\u00e9 en sustentar varias series de conferencias.<\/span><\/p>\n<p class=\"Normal P-9\"><span class=\"C-11\">Muchas gracias, una vez m\u00e1s, a mi distinguido amigo Jean Sirol, por el valioso obsequio del libro en el cual encontr\u00e9 la frase de Collaer que cit\u00e9 al principio y que me brind\u00f3 la preciosa oportunidad de poner a disposici\u00f3n de la cultura musical europea las conquistas espirituales de M\u00e9xico.<\/span><\/p>\n<p class=\"Normal P-9\"><span class=\"C-11\">Juli\u00e1n Carrillo (Abril 1962)<\/span><\/p>\n","protected":false},"excerpt":{"rendered":"<p>Un distinguido amigo m\u00edo, M. Jean Sirol, consejero cultural de la Embajada de Francia en M\u00e9xico, tuvo la gentileza de obsequiarme un libro, perfectamente documentado, acerca de la m\u00fasica moderna, y cuyo autor, Paul Collaer, abarca en \u00e9l un per\u00edodo de medio siglo: 1905-1955. En este gran volumen se hace un estudio minucioso de la [&hellip;]<\/p>\n","protected":false},"author":1,"featured_media":0,"parent":0,"menu_order":50,"comment_status":"closed","ping_status":"closed","template":"","meta":{"ocean_post_layout":"","ocean_both_sidebars_style":"","ocean_both_sidebars_content_width":0,"ocean_both_sidebars_sidebars_width":0,"ocean_sidebar":"","ocean_second_sidebar":"","ocean_disable_margins":"enable","ocean_add_body_class":"","ocean_shortcode_before_top_bar":"","ocean_shortcode_after_top_bar":"","ocean_shortcode_before_header":"","ocean_shortcode_after_header":"","ocean_has_shortcode":"","ocean_shortcode_after_title":"","ocean_shortcode_before_footer_widgets":"","ocean_shortcode_after_footer_widgets":"","ocean_shortcode_before_footer_bottom":"","ocean_shortcode_after_footer_bottom":"","ocean_display_top_bar":"default","ocean_display_header":"default","ocean_header_style":"","ocean_center_header_left_menu":"","ocean_custom_header_template":"","ocean_custom_logo":0,"ocean_custom_retina_logo":0,"ocean_custom_logo_max_width":0,"ocean_custom_logo_tablet_max_width":0,"ocean_custom_logo_mobile_max_width":0,"ocean_custom_logo_max_height":0,"ocean_custom_logo_tablet_max_height":0,"ocean_custom_logo_mobile_max_height":0,"ocean_header_custom_menu":"","ocean_menu_typo_font_family":"","ocean_menu_typo_font_subset":"","ocean_menu_typo_font_size":0,"ocean_menu_typo_font_size_tablet":0,"ocean_menu_typo_font_size_mobile":0,"ocean_menu_typo_font_size_unit":"px","ocean_menu_typo_font_weight":"","ocean_menu_typo_font_weight_tablet":"","ocean_menu_typo_font_weight_mobile":"","ocean_menu_typo_transform":"","ocean_menu_typo_transform_tablet":"","ocean_menu_typo_transform_mobile":"","ocean_menu_typo_line_height":0,"ocean_menu_typo_line_height_tablet":0,"ocean_menu_typo_line_height_mobile":0,"ocean_menu_typo_line_height_unit":"","ocean_menu_typo_spacing":0,"ocean_menu_typo_spacing_tablet":0,"ocean_menu_typo_spacing_mobile":0,"ocean_menu_typo_spacing_unit":"","ocean_menu_link_color":"","ocean_menu_link_color_hover":"","ocean_menu_link_color_active":"","ocean_menu_link_background":"","ocean_menu_link_hover_background":"","ocean_menu_link_active_background":"","ocean_menu_social_links_bg":"","ocean_menu_social_hover_links_bg":"","ocean_menu_social_links_color":"","ocean_menu_social_hover_links_color":"","ocean_disable_title":"default","ocean_disable_heading":"default","ocean_post_title":"","ocean_post_subheading":"","ocean_post_title_style":"","ocean_post_title_background_color":"","ocean_post_title_background":0,"ocean_post_title_bg_image_position":"","ocean_post_title_bg_image_attachment":"","ocean_post_title_bg_image_repeat":"","ocean_post_title_bg_image_size":"","ocean_post_title_height":0,"ocean_post_title_bg_overlay":0.5,"ocean_post_title_bg_overlay_color":"","ocean_disable_breadcrumbs":"default","ocean_breadcrumbs_color":"","ocean_breadcrumbs_separator_color":"","ocean_breadcrumbs_links_color":"","ocean_breadcrumbs_links_hover_color":"","ocean_display_footer_widgets":"default","ocean_display_footer_bottom":"default","ocean_custom_footer_template":"","footnotes":""},"wf_page_folders":[8],"class_list":["post-217","page","type-page","status-publish","hentry","entry"],"_links":{"self":[{"href":"https:\/\/sonido13.com\/index.php\/wp-json\/wp\/v2\/pages\/217","targetHints":{"allow":["GET"]}}],"collection":[{"href":"https:\/\/sonido13.com\/index.php\/wp-json\/wp\/v2\/pages"}],"about":[{"href":"https:\/\/sonido13.com\/index.php\/wp-json\/wp\/v2\/types\/page"}],"author":[{"embeddable":true,"href":"https:\/\/sonido13.com\/index.php\/wp-json\/wp\/v2\/users\/1"}],"replies":[{"embeddable":true,"href":"https:\/\/sonido13.com\/index.php\/wp-json\/wp\/v2\/comments?post=217"}],"version-history":[{"count":1,"href":"https:\/\/sonido13.com\/index.php\/wp-json\/wp\/v2\/pages\/217\/revisions"}],"predecessor-version":[{"id":218,"href":"https:\/\/sonido13.com\/index.php\/wp-json\/wp\/v2\/pages\/217\/revisions\/218"}],"wp:attachment":[{"href":"https:\/\/sonido13.com\/index.php\/wp-json\/wp\/v2\/media?parent=217"}],"wp:term":[{"taxonomy":"wf_page_folders","embeddable":true,"href":"https:\/\/sonido13.com\/index.php\/wp-json\/wp\/v2\/wf_page_folders?post=217"}],"curies":[{"name":"wp","href":"https:\/\/api.w.org\/{rel}","templated":true}]}}

<p class="Normal P-9"><span class="C-11">Un distinguido amigo mío, M. Jean Sirol, consejero cultural de la Embajada de Francia en México, tuvo la gentileza de obsequiarme un libro, perfectamente documentado, acerca de la música moderna, y cuyo autor, Paul Collaer, abarca en él un período de medio siglo: 1905-<wbr />1955.</span></p>
<p class="Normal P-9"><span class="C-11">En este gran volumen se hace un estudio minucioso de la música en Europa y en América. En la página 115 trae una declaración que me dejó estupefacto: que los modernos músicos franceses, para escapar de los modos mayor y menor, se han refugiado en los<span class="C-12">modos</span>  gregorianos.</span></p>
<p class="Normal P-9"><span class="C-11">Los antiguos <span class="C-12">modos,  </span>conocidos con el nombre de gregorianos, se formaron con los siete sonidos que existían en la música desde Terpandro, seis siglos antes de Cristo. Cuatro escalas las formuló San Ambrosio en el siglo IV, tomando como tónicas para cada una de ellas las notas Re, La, Mi y Si, y los tres modos verdaderamente gregorianos son del siglo VI en que San Gregorio imitó a San Ambrosio y formó tres modos más, tomando como base las notas Fa, Do y Sol.</span></p>
<p class="Normal P-9"><span class="C-11">Es decir, que los músicos franceses, según Collaer, han ido hasta dieciséis siglos atrás, en busca de unas cuantas escalas que tienen como raíz las siete notas de la escala diatónica, para basar en ellas su producción musical.</span></p>
<p class="Normal P-9"><span class="C-11">Si éste es el caso, como lo asegura Collaer, quienes tal hacen parecen haber seguido el consejo de Verdi, quien dijo a la juventud musical de su época “que fuera a lo antiguo para encontrar algo nuevo”; entretanto que él, Verdi, en sus últimas obras “no fue a lo antiguo en busca de algo nuevo”, sino que procuró avanzar su técnica.</span></p>
<p class="Normal P-9"><span class="C-11">He aquí la traducción de las palabras de Collaer, que están, como dije, en la página 115 de su libro <span class="C-12">La Musique Moderne:  </span>“El uso de los modos gregorianos se ha hecho común y corriente entre los modernos compositores franceses, pues han comprendido su especificación expresiva, especificación que se debe a la colocación de los semitonos en la escala. La multiplicidad de los modos enriquece el dominio expresivo, permite librarse de la esclavitud de los modos mayor y menor, conservando, no obstante, una base tonal. La tonalidad se convierte así en un caso particular dentro de un principio más amplio de la modalidad. Fauré, Ravel, Koechlin, Satie, Milhaud y Poulenc, hacen de esta modalidad el uso más amplio y natural.”  </span></p>
<p class="Normal P-9"><span class="C-11">Lamentable es que esos compositores tan eminentes retrocedan, según Collaer, hasta dieciséis siglos en la parte melódica, y otros, como Stravinsky, quieran ir al siglo XII para buscar riqueza armónica.</span></p>
<p class="Normal P-9"><span class="C-11">Debo decir con inmensa satisfacción de mexicano, más que de músico, que nuestro país, con su revolución del Sonido 13, ha conquistado para todos los compositores, presentes y futuros, elementos técnicos musicales que evitarán ese paso atrás y el que quieran refugiarse, unos, en los procedimientos del siglo XII y, otros, en los siglos IV  y  VI.</span></p>
<p class="Normal P-9"><span class="C-11">Desde el año de 1925, con motivo de una controversia habida con la Rectoría de la Universidad Nacional Autónoma de México, que no obedeció un acuerdo del Secretario de Educación (de quien entonces dependía), en relación con un curso sobre el Sonido 13 en el Conservatorio Nacional de Música, dije al entonces rector don Alfonso Pruneda lo que sigue:</span></p>
<p class="Normal P-9"><span class="C-11">“No quiero aventurar ninguna hipótesis acerca de las causas que hayan movido a usted para modificar la disposición de la Secretaría de Educación Pública; y con el fin de orientar técnicamente el criterio de esa Rectoría sobre el particular, me permito decirle que no se trata en el proyectado curso sobre el Sonido 13 de hacer investigaciones musicales, no; pues lo que se ha conocido hasta hoy con el modesto nombre de Teoría del Sonido 13, se ha convertido ya en un sistema que, con toda inmodestia, me permitiré decir que es tan completo <span class="C-12">que ha ido mucho más lejos de lo que han logrado en la técnica de la música todos los conservatorios del mundo juntos;  </span>y me bastará citar a usted un dato: estoy en la posibilidad técnica de aumentar los recursos musicales hasta un grado máximo. Todos los compositores del mundo hasta esta fecha, 1925, se han visto reducidos a sólo dos modos: el mayor y el menor, y de allí que con tanta frecuencia se encuentren semejanzas entre las composiciones de diversos autores. En consecuencia, puedo anunciar oficialmente <span class="C-12">que estoy dispuesto a dar a cada compositor sus propias escalas, logrando así que cada quien tenga sus acordes propios, sus propios ritmos y dinamismo.</span></span></p>
<p class="Normal P-9"><span class="C-11">“Esta declaración, cuya trascendencia no me escapa, la hago oficial y concientemente ante el rector de la Universidad Nacional Autónoma de México, como podría hacerla, llegado el caso, ante un Congreso Internacional de Música.”</span></p>
<p class="Normal P-9"><span class="C-11">Esto dije desde 1925 al propio rector de nuestra máxima casa de estudios, pero el tremendo alcance de aquellas palabras pasó en silencio, ya sea por incapacidad técnica para comprenderlas o por otras causas que no me aventuro a suponer.</span></p>
<p class="Normal P-9"><span class="C-11">Hoy, después de un tercio de siglo, con motivo de lo publicado en el libro de Collaer en relación con los músicos modernos y los modos gregorianos, repito ante el mundo lo que entonces dije, esto es, <span class="C-12">que estaba y estoy en la posibilidad de dar a cada compositor sus propias escalas y sus acordes propios.</span></span></p>
<p class="Normal P-9"><span class="C-11">Qué gran fortuna será para México que en plena Francia, en el siglo XX, se conozca mi ofrecimiento del año de 1925, en mi libro titulado <span class="C-12">El infinito en las escalas y en los acordes, </span> en el cual está consignado cuanto he dicho al respecto, pues ya procedo a enviar mi citada obra, traducida al francés, a M. Collaer, a M. Bernard Gavoty, crítico musical de el <span class="C-12">Fígaro, </span> al director del Conservatorio de París, al de la Schola Cantorum y al de la Escuela Normal de Música.</span></p>
<p class="Normal P-9"><span class="C-11">Hay en mi libro dos mil cuarenta y seis escalas en estado fundamental, a base de tonos y semitonos y, al aplicárseles el procedimiento del “contrapunto trocado”, se logran miles y miles de nuevas escalas y sistemas armónicos.</span></p>
<p class="Normal P-9"><span class="C-11">¡Qué oportunidad tan brillante me ofreció el libro de Collaer para poner a disposición de los músicos franceses, tan admirados por mí, el fruto de mis estudios, en correspondencia a las extraordinarias gentilezas que he recibido en Francia, tanto del gobierno francés, como del gran Conservatorio de París, que me dispensó el honor de convocar a concurso a los violinistas europeos para tocar mis <span class="C-12">Sonatas  </span>para violín solo y extremó su galantería hasta de dar mi nombre al premio concedido, así como a los grandes artistas que grabaron en discos mi música del Sonido 13, y a la celebérrima Universidad de la Sorbona, donde me honré en sustentar varias series de conferencias.</span></p>
<p class="Normal P-9"><span class="C-11">Muchas gracias, una vez más, a mi distinguido amigo Jean Sirol, por el valioso obsequio del libro en el cual encontré la frase de Collaer que cité al principio y que me brindó la preciosa oportunidad de poner a disposición de la cultura musical europea las conquistas espirituales de México.</span></p>
<p class="Normal P-9"><span class="C-11">Julián Carrillo (Abril 1962)</span></p>

<p>Un distinguido amigo mío, M. Jean Sirol, consejero cultural de la Embajada de Francia en México, tuvo la gentileza de obsequiarme un libro, perfectamente documentado, acerca de la música moderna, y cuyo autor, Paul Collaer, abarca en él un período de medio siglo: 1905-1955. En este gran volumen se hace un estudio minucioso de la [&hellip;]</p>
